sands digit of 54511?
4
What is the units digit of 6845?
5
What is the units digit of 24506?
6
What is the thousands digit of 7734?
7
What is the tens digit of 3172?
7
What is the units digit of 64981?
1
What is the ten thousands digit of 23832?
2
What is the thousands digit of 22608?
2
What is the units digit of 28453?
3
What is the tens digit of 1281?
8
What is the hundreds digit of 7990?
9
What is the thousands digit of 2384?
2
What is the tens digit of 1543?
4
What is the hundreds digit of 28183?
1
What is the tens digit of 217?
1
What is the tens digit of 27192?
9
What is the tens digit of 9322?
2
What is the tens digit of 370?
7
What is the thousands digit of 1286?
1
What is the hundreds digit of 12928?
9
What is the tens digit of 2922?
2
What is the tens digit of 37630?
3
What is the hundreds digit of 788?
7
What is the tens digit of 5192?
9
What is the tens digit of 8204?
0
What is the hundreds digit of 134?
1
What is the hundreds digit of 7299?
2
What is the tens digit of 4381?
8
What is the hundreds digit of 10328?
3
What is the hundreds digit of 1088?
0
What is the tens digit of 16199?
9
What is the tens digit of 932?
3
What is the tens digit of 2127?
2
What is the thousands digit of 127413?
7
What is the hundreds digit of 198?
1
What is the hundreds digit of 1892?
8
What is the tens digit of 8669?
6
What is the ten thousands digit of 69861?
6
What is the ten thousands digit of 34500?
3
What is the thousands digit of 11807?
1
What is the tens digit of 207?
0
What is the thousands digit of 9000?
9
What is the units digit of 8909?
9
What is the tens digit of 1614?
1
What is the units digit of 22217?
7
What is the tens digit of 321?
2
What is the tens digit of 3341?
4
What is the thousands digit of 1376?
1
What is the hundreds digit of 1260?
2
What is the hundreds digit of 694?
6
What is the hundreds digit of 30886?
8
What is the units digit of 22548?
8
What is the hundreds digit of 57909?
9
What is the hundreds digit of 948?
9
What is the units digit of 97014?
4
What is the tens digit of 1189?
8
What is the ten thousands digit of 66914?
6
What is the hundreds digit of 538?
5
What is the units digit of 721?
1
What is the thousands digit of 1454?
1
What is the units digit of 1991?
1
What is the units digit of 14554?
4
What is the units digit of 2203?
3
What is the hundreds digit of 3404?
4
What is the hundreds digit of 41714?
7
What is the ten thousands digit of 10952?
1
What is the tens digit of 3005?
0
What is the thousands digit of 3526?
3
What is the tens digit of 10?
1
What is the units digit of 630?
0
What is the thousands digit of 7809?
7
What is the hundreds digit of 4087?
0
What is the ten thousands digit of 80500?
8
What is the tens digit of 107042?
4
What is the ten thousands digit of 13380?
1
What is the hundreds digit of 33421?
4
What is the hundreds digit of 3466?
4
What is the hundreds digit of 115505?
5
What is the units digit of 31812?
2
What is the hundreds digit of 31432?
4
What is the tens digit of 2981?
8
What is the units digit of 57997?
7
What is the hundreds digit of 1910?
9
What is the ten thousands digit of 40440?
4
What is the tens digit of 56092?
9
What is the thousands digit of 8578?
8
What is the units digit of 594?
4
What is the units digit of 30548?
8
What is the tens digit of 49565?
6
What is the hundreds digit of 439?
4
What is the units digit of 2723?
3
What is the units digit of 12876?
6
What is the tens digit of 991?
9
What is the tens digit of 1043?
4
What is the tens digit of 11859?
5
What is the hundreds digit of 237?
2
What is the units digit of 2122?
2
What is the tens digit of 107351?
5
What is the tens digit of 74051?
5
What is the tens digit of 41318?
1
What is the units digit of 741?
1
What is the tens digit of 115461?
6
What is the hundreds digit of 25923?
9
What is the units digit of 7330?
0
What is the thousands digit of 2620?
2
What is the units digit of 8662?
2
What is the units digit of 10635?
5
What is the tens digit of 6061?
6
What is the hundreds digit of 248?
2
What is the tens digit of 11632?
3
What is the tens digit of 102821?
2
What is the tens digit of 75407?
0
What is the hundreds digit of 1498?
4
What is the hundreds digit of 1400?
4
What is the hundreds digit of 114864?
8
What is the tens digit of 1947?
4
What is the hundreds digit of 31752?
7
What is the thousands digit of 13733?
3
What is the units digit of 5278?
8
What is the thousands digit of 23157?
3
What is the units digit of 5578?
8
What is the ten thousands digit of 14269?
1
What is the units digit of 49304?
4
What is the tens digit of 5838?
3
What is the units digit of 502?
2
What is the tens digit of 343?
4
What is the hundreds digit of 118?
1
What is the tens digit of 7039?
3
What is the units digit of 5466?
6
What is the hundreds digit of 2664?
6
What is the tens digit of 12466?
6
What is the thousands digit of 2912?
2
What is the thousands digit of 2595?
2
What is the ten thousands digit of 58092?
5
What is the tens digit of 642?
4
What is the units digit of 405?
5
What is the hundreds digit of 50377?
3
What is the tens digit of 752?
5
What is the units digit of 62?
2
What is the tens digit of 46114?
1
What is the units digit of 5627?
7
What is the units digit of 408?
8
What is the hundreds digit of 1056?
0
What is the units digit of 19511?
1
What is the hundreds digit of 4273?
2
What is the units digit of 14323?
3
What is the tens digit of 372?
7
What is the hundreds digit of 475?
4
What is the thousands digit of 3837?
3
What is the units digit of 5656?
6
What is the tens digit of 4932?
3
What is the tens digit of 33768?
6
What is the ten thousands digit of 54836?
5
What is the units digit of 277?
7
What is the thousands digit of 4816?
4
What is the units digit of 56?
6
What is the thousands digit of 53887?
3
What is the thousands digit of 14301?
4
What is the hundreds digit of 21452?
4
What is the thousands digit of 95105?
5
What is the thousands digit of 23250?
3
What is the hundreds digit of 1716?
7
What is the hundreds digit of 2398?
3
What is the thousands digit of 10053?
0
What is the hundreds digit of 883?
8
What is the units digit of 2791?
1
What is the hundreds digit of 813?
8
What is the ten thousands digit of 144457?
4
What is the hundreds digit of 232?
2
What is the units digit of 116433?
3
What is the tens digit of 8637?
3
What is the thousands digit of 72133?
2
What is the hundreds digit of 32480?
4
What is the units digit of 11977?
7
What is the hundreds digit of 68590?
5
What is the units digit of 1001?
1
What is the thousands digit of 63914?
3
What is the tens digit of 25447?
4
What is the thousands digit of 28409?
8
What is the ten thousands digit of 55119?
5
What is the units digit of 40759?
9
What is the thousands digit of 75523?
5
What is the hundreds digit of 420?
4
What is the hundreds digit of 583?
5
What is the units digit of 12412?
2
What is the hundreds digit of 2700?
7
What is the units digit of 16232?
2
What is the hundreds digit of 4090?
0
What is the tens digit of 94528?
2
What is the hundreds digit of 32635?
6
What is the hundreds digit of 1063?
0
What is the units digit of 54140?
0
What is the thousands digit of 110363?
0
What is the thousands digit of 5825?
5
What is the units digit of 3301?
1
What is the ten thousands digit of 60820?
6
What is the hundreds digit of 34651?
6
What is the tens digit of 29623?
2
What is the tens digit of 8794?
9
What is the units digit of 36247?
7
What is the thousands digit of 1168?
1
What is the tens digit of 95158?
5
What is the hundreds digit of 1578?
5
What is the hundreds digit of 1482?
4
What is the tens digit of 260?
6
What is the thousands digit of 9769?
9
What is the hundreds digit of 968?
9
What is the thousands digit of 78900?
8
What is the thousands digit of 3429?
3
What is the hundreds digit of 286?
2
What is the tens digit of 6372?
7
What is the tens digit of 3282?
8
What is the hundreds digit of 12841?
8
What is the hundreds digit of 2733?
7
What is the thousands digit of 49683?
9
What is the hundreds digit of 709?
7
What is the units digit of 969?
9
What is the units digit of 1847?
7
What is the tens digit of 535?
3
What is the hundreds digit of 8503?
5
What is the thousands digit of 2694?
2
What is the units digit of 4939?
